0 + (2 - 2 - 2 - 4)?
0
Calculate -6 + (8 - -13) + -14 - -3.
4
What is -9 + (-1 - 4 - (-116 + 110) - 24)?
-32
What is 1 + -5 + -1 - (-30 + (43 - 16))?
-2
Calculate (-4 + 4 - 1 - 11) + (172 - 162).
-2
Calculate 9 + -1 + 1 + (15 - (34 - 21)).
11
What is the value of 2 + 1 + (2 - 5) + (2 - 4)?
-2
What is the value of (0 - 0) + 0 + 3 + (53 - 57)?
-1
Evaluate (23 - 22) + 8 + -7.
2
Calculate 15 + -8 - 12 - (-14 + 4).
5
Evaluate 0 - 41 - (473 + -479).
-35
Evaluate 20 - (21 - 15) - 12.
2
Evaluate -4 + 6 + 2 - (-38 - -44).
-2
Calculate -14 + (32 - (-16 + 34)) + -10.
-10
What is the value of (3 - (11 + -29)) + -11 + (-4 - 2)?
4
-7 + 17 + -4 - (16 - 3)
-7
Evaluate (-12 - -7) + (-4 - -14) - 12.
-7
Evaluate 1 + 5 + 10 + -22.
-6
Evaluate (0 - (7 + -4 + 2 + -2)) + 0.
-3
What is the value of (-2 - -38) + (15 - 27) + -3?
21
Calculate -5 - (18 + 3 - 3 - 51).
28
What is the value of 8 + (14 + -22 + 15 - 25)?
-10
Evaluate (11 - (11 - -26) - -13) + -12.
-25
Evaluate 19 + (32 - 46) + -9 + (1 - -1).
-2
-4 - 1 - 2 - (13 - 26 - -4)
2
Calculate (-12 - (5 + -6 - 5)) + 10 + -2.
2
What is 0 - (-2 + (4 - 3) + 1)?
0
Calculate 389 - 390 - (1 + 0 + -2) - -10.
10
Calculate (4 - 4) + (6 - 17) + 30 + -10.
9
Evaluate -6 - (-15 + 14 + 0 + 3).
-8
What is -10 + -3 + -9 + 15?
-7
What is -4 + -2 + 4 + 2 - 10?
-10
1 + -4 + -16 - -17
-2
What is -29 - (0 + -11 + 20 + (-21 - -3))?
-20
What is (0 - 3) + 43 + (-256 - -244)?
28
What is the value of 41 + -37 + -2 + -11?
-9
Calculate -1 + -5 + (-52 - -65) + -7 + 0.
0
Calculate 5 + -1 + -21 - (-1 - 0) - -6.
-10
What is the value of -2 + 6 + -22 - -1 - (-13 - -8)?
-12
What is the value of 0 + -8 + 2 + 1 + (17 - 11)?
1
(-4 - (4 + (-7 - -5 - 1))) + 4
-1
-24 - -4 - (-10 - (-9 + -8) - 8)
-19
What is 9 + 7 + -12 + -15?
-11
0 + 1 + (-18 - (38 - 38))
-17
Evaluate (8 - 8) + (0 + -9 - -10).
1
Evaluate -8 + 26 + -6 + -2 + -20.
-10
-1 + 9 + (-1 + -1 - (208 + -199))
-3
Evaluate -12 - 1 - (-19 - -10).
-4
What is the value of (-6 - 5 - -34) + -11 + 22?
34
What is 13 + 9 + -16 + (-2 - 0)?
4
Evaluate -12 - (-10 - (13 - 27)).
-16
What is the value of -1 + 0 - (10 - 22 - 19 - -18)?
12
Calculate (4 - (-17 + 22)) + (-18 - -1) - 2.
-20
What is the value of 4 + 143 + -137 + (0 + -1 - -9)?
18
What is -6 + 4 + (11 - 7) - 8?
-6
What is the value of (12 - ((13 - 17) + 5)) + -13?
-2
What is 5 + (23 - 9 - 19)?
0
17 - (13 + (-6 + -6 - (1 - 6)))
11
What is -3 + -3 + (-11 + 2 - (1 + -6))?
-10
(-1 - -38) + -66 + 54 + -4
21
Calculate 6 + -35 + -3 - (48 + -57).
-23
13 + (-57 - -30 - 13)
-27
Evaluate 0 + -18 + 13 + 1 + 0.
-4
Evaluate 3 + (9 + -7 - 6) - -1 - -15.
15
Evaluate (-2 + -3 - -6) + 22 - (6 - -1).
16
What is 11 - ((2 - -1) + -2 - -7)?
3
What is -1 + -2 - (-21 + (-17 - (-81 - -20)))?
-26
What is the value of (6 - (6 - 5 - -1)) + -17?
-13
What is -17 + (50 - 49) - (-13 + 0)?
-3
Calculate 7 + 35 + (1 - (-11 + 9) - 8).
37
Evaluate 2 + 15 + 6 + -14 - 6.
3
((6 + -4 - -2) + -4 - -4) + 0
4
Calculate -47 + 36 + 18 - (-1 + 1 - 4).
11
What is the value of (-3 - 13) + 18 + -6?
-4
-6 + (9 - 13) - -12
2
-11 + (0 - (3 + -12)) - 5
-7
Evaluate (36 - (2 - -25)) + -8.
1
Evaluate -6 + 1 + (-35 + 9 + 12 - -7).
-12
Calculate 44 + (-67 - -49 - (-2 + -6) - 1).
33
What is the value of (-6 + -3 + 9 - 3) + -4 + -2?
-9
What is the value of 17 + -16 + (1 - -2) + 2 + 0?
6
What is the value of 0 + -2 + 0 - (0 - -12 - 16)?
2
What is 7 + 13 + -8 + -1 + -1 + -3?
7
-38 - (19 - (29 - 6))
-34
(3 - -24) + -24 + -23
-20
What is (13 - (5 - -15)) + 9 - -15?
17
-13 - ((0 + 1 - 4) + 14 + -17)
-7
What is the value of 1 - (-15 + -18 - -7) - -2?
29
Calculate 5 + (21 - (16 + 5)).
5
Calculate 12 - 1 - (4140 + -4110).
-19
Evaluate (-1 - -2) + (14 - 20 - (-13 + 6)).
2
(1 - -8) + 6 + -3
12
Calculate 0 + -15 + 35 + -28.
-8
What is the value of (3 - 1 - (4 - 8)) + (132 - 112)?
26
Evaluate -5 - (1 - 11) - (-11 + 33).
-17
What is (12 - (-2 - (-14 + 1))) + 16?
17
(1 + 0 - 13) + (-52 - -12 - -35)
-17
What is the value of -1 - ((5 + -12 - 2) + 5)?
3
What is the value of -16 - (-6 + -27 + 13 + 8)?
-4
Calculate (33 - 21) + 0 + 8.
20
Evaluate (24 - (4 + 7)) + -10.
3
Calculate (-1 - 7) + (-12 - (-21 + 10)) - -6.
-3
What is the value of (2 - 2) + (5 - (29 + -14)) - -10?
0
What is -2 - (8 - 30 - -24)?
-4
Calculate -20 + (-9 - -17) - -25.
13
What is the value of 521 + -515 - ((-1 - -16) + (-1 - 1))?
-7
-9 - -6 - (11 + (8 - (6 + 27)))
11
Calculate -5 + 6 + 15 - (3 + 1).
12
What is (-3 + 2 - -4) + -34 + 20?
-11
What is the value of 2 - 3 - (2 - (-3 + -6 + 12))?
0
What is the value of (-1 - 0) + 2 - (8 - (12 - 2))?
3
Evaluate 10 - ((20 + -10 - 10 - 11) + -4).
25
What is the value of (6 - 2) + 5 - (13 - 14)?
10
What is the value of 1 - (9 - 5 - (-7 - -1))?
-9
What is the value of -9 + (-22 - -34) - 42?
-39
Calculate -1 + 27 - (-528 + 558).
-4
-1 + -2 + (67 + -53 - (8 + 0))
3
What is -8 - (-3 - (5 + 14))?
14
3 + -1 - (-140 - -164)
-22
What is the value of (7 + -8 + -5 - -12) + -3 + 2?
5
What is (-3 - (-7 + -6)) + -6 - 5?
-1
What is ((-1 - (-8 + 4)) + -7 - 3) + 3?
-4
What is (9 + -1 + 50 + -52 - 6) + -20?
-20
What is -8 - -12 - 19 - -1?
-14
What is -5 + 1 + -11 - (0 + 1 + -1)?
-15
Calculate -8 + (3 - -3) - 7 - -3.
-6
What is -13 - (14 + (-8 - 11))?
-8
What is 15 - ((-2 - 2) + -5 + 18)?
6
What is -19 - -3 - (0 - (11 + -14)) - -6?
-13
Calculate -18 + (4 - (-8 + 12)) + (4 - 2).
-16
20 + -40 + 25 + (1 - 2 - 3)
1
Evaluate 0 - 1 - (97 - 101).
3
Evaluate (-23 - -39) + -25 + 41.
32
What is the value of 23 + (19 - 56) + 33?
19
Calculate -14 - (1 - (-5 + 16 + -7)).
-11
What is -40 + 46 - (3 + 2 + -4)?
5
Calculate 18 + (-29 - (25 + -23)).
-13
Evaluate (145 - 138) + -2 + 16 + -5.
16
What is 6 + -3 + (0 - 5)?
-2
What is the value of -5 + 5 - (0 + 6 - 7 - -10)?
-9
5 - (13 + -3) - (-7 + (7 - 9))
4
What is (29 - 41) + 21 + 15?
24
Evaluate 2 + 2 - (6 - (-6 + 11 + 5)).
8
-827 + 817 - (2 - (32 - (2 + -2)))
20
Evaluate (15 - (-21 + 13)) + -5.
18
Evaluate 31 - 24 - (-3 - -6).
4
(-9 - (7 + 12)) + 23
-5
What is the value of (-6 - -15) + -30 + 37?
16
0 - (-17 + (-1 - -5) - 10)
23
What is 843 + -840 + (7 - 0) + (-3 - -1)?
8
1 - (20 - (-11 + 0 + 6)) - -11
-13
Evaluate 3 - 6 - -5 - (178 - 168).
-8
(-7 + -2 - -10) + -9
-8
Calculate -5 + -17 + 15 + (-3 - (2 + -17)).
5
What is 6 - (-22 + 19 + 2 + 2 + 5)?
0
What is -18 + 3 + (-11 - -7 - -1 - -3)?
-15
Evaluate 6 - (-9 - (-1 - (-1 - 5 - -9))).
11
What is the value of -44 - -22 - -4 - -18?
0
What is -6 - -6 - 1 - -15?
14
Calculate 2 + (84 + -65 - (1 + 3)) + -2.
15
Calculate -12 + 4 + (-4 - (-3 + -3)).
-6
-4 + (66 - 36 - 23 - (8 + 0))
-5
Evaluate -30 + 32 + (3 - 22) + 1 + 2.
-14
What is -1 + -1 + 5 - (1 + (35 - 4))?
-29
Evaluate (2 - (0 + -4)) + (-3 + -10 - -2).
-5
Calculate 4 - 12 - 6 - -20.
6
What is 17 + (-65 - (13 + -47))?
-14
-53 + 93 - (43 - 7)
4
What is -3 + -3 + (-9 - (-11 + 8)) - -4?
-8
Evaluate 2 + (-9 - 3) - (-1 + 1 + -22).
12
Evaluate -1 + -4 - (-21 - -22) - (-11 - 3).
8
What is the value of 0 + 3 + 5 + 4?
12
Evaluate (-29 - 12) + -14 - -25.
-30
Calculate -21 + -28 + 45 - -23.
19
Evaluate (-1 - (0 - (-8 - -2))) + (27 - -9).
29
Evaluate 17 - ((50 - (13 + -18)) + -10).
-28
What is -17 - (2 + -27) - 36?
-28
Calculate (13 - (14 - 10)) + -2.
7
What is (-19 - 15) + 38 + -13?
-9
13 - (7 + -3) - (-3 + 1 - 5)
16
Calculate (1 + -4 - -6) + -4 + -66 + 77.
10
-24 + -10 + (6 + 3 - 6 - -11)
-20
What is the value of (-10 + (11 - 3) - (-8 - -2)) + -16?
-12
What is 6 - ((-66 - -58) + (3 - (-2 - 3)))?
6
What is the value of -2 + (2 - -2 - 6) + (38 - 54)?
-20
(1 + 2 - 4) + (-198 - -222)
23
Calculate (3 - (5 + -2)) + (-6 - -13 - 3).
4
Calculate 4 + -15 + 36 - 4.
21
(-2 - (-2 + -2 + 7)) + (-102 - -97)
-10
Calculate 7 + (44 - (55 - 21)).
17
What is the value of -12 + -14 + 9 - -15?
-2
What is -45 + -8 + 66 - 33?
-20
What is the value of (15 + 3 - -11) + -7 + -7?
15
What is -14 + 5 + 0 + (-17 - -12)?
-14
Evaluate -14 + (-5 - (-16 + 21)).
-24
What is 16 + -30 - (-3 + 9 + -16)?
-4
What is the value of 32 + (-7 - (18 - 4))?
11
What is 66 - (-13 + 28 - -23)?
28
What is the value of -22 + 34 + (3 - 1) - 3?
11
What is -23 - 0 - (15 + -5 + -32 - -14)?
-15
What is ((-4 - 2) + 3 + 2 - -7) + 3?
9
What is 11 - -75 - 77 - (-2 - 0)?
11
Calculate -11 + 20 - (0 - -11).
-2
Calculate 5 + (6 - 20) - (6 + 4).
-19
-4 + -4 + 3 - (-2 + 1) - -10
6
Evaluate